
Let m(x) be the second derivative of 5/12*x**4 + 1/6*x**3 + 5*x + 0 - 1/2*x**2. Let a(d) = -2*d**2. Let h(w) = -8*a(w) - 3*m(w). Give h(5).
13
Suppose 11 = 33*v - 121. Let w(k) = k**3 - 5*k**2 - 2*k + 5. Give w(v).
-19
Let d(r) = 2*r - 9. Suppose -4*f + 7 = -13. Suppose -2*a = -f + 7. Let m be a/3 + 264/36. Calculate d(m).
5
Let x(q) = 6*q**2 + 4*q - 6. Let m(v) = -7*v**2 - 5*v + 7. Let t(z) = -5*m(z) - 6*x(z). Let u be -6 + (-27)/6*-2. Give t(u).
-5
Let r(a) = 5*a**3 - 4*a**2 + 3*a. Let n(y) = -11*y**3 - 10*y**3 - 5*y**3 + 12*y**3 - 8*y + 11*y**2. Let v(p) = 4*n(p) + 11*r(p). Calculate v(-1).
0
Let r(u) be the third derivative of 7/120*u**6 + 0*u - 5*u**2 + 0 + 0*u**3 + 0*u**5 + 0*u**4. Give r(-1).
-7
Let q(y) be the first derivative of -y**4/4 + 2*y**3 + 2*y + 92. Determine q(6).
2
Let z = 94 - 88. Let c(x) = x**2 - 7*x - 1. Give c(z).
-7
Let b(l) = 6*l - 56 - 4*l + 53. Suppose -30 = g - 6*g. Determine b(g).
9
Suppose -5*b = -74 - 51. Let n = b - 29. Let k be 0 + 1 + -4 + n. Let l(y) = y**2 + 6*y - 6. Give l(k).
1
Suppose 5*j = 3*j + 14. Let g(u) = 66*u**3 - 131*u**3 + 7*u**2 + 64*u**3 - j*u. Give g(6).
-6
Let o(r) be the first derivative of -4*r**2 - 30 - 8*r - 1/3*r**3. Give o(-6).
4
Let d(k) be the first derivative of 1/2*k**2 + 1/4*k**4 + k - 7/3*k**3 + 1. Let f = -1303 - -1310. What is d(f)?
8
Let d(f) = -3*f - 3. Let q(u) = 4*u + 20. Let l(y) = -2*d(y) - q(y). What is l(5)?
-4
Suppose -l + 0 = 3. Let c(d) = -2*d**2 + 4*d + 9. Let t(w) = -3*w**2 + 7*w + 16. Let q(k) = -5*c(k) + 3*t(k). Determine q(l).
9
Let h(s) = -s**2 + 5*s - 2. Let r(c) = 2*c**2 - 5*c - 8. Let x be r(4). Suppose -d - d = -8. Suppose 0 = -3*i - d*w - 2, 0 = x*i + 5*w + 1 + 1. Calculate h(i).
4
Let o(f) = -7*f**2 - 8*f + 3. Let l = -151 + 145. Let b(p) = -8*p**2 - 9*p + 3. Let c(g) = l*b(g) + 7*o(g). Suppose -2*d - 3 = 3. Calculate c(d).
0
Let k(p) = 4*p**2 - 9*p + 3. Suppose -4*w = -3*w - 3. Let x(l) = -3*l**2 + 8*l - 4. Let g(c) = w*x(c) + 2*k(c). Let a = -13 + 17. Determine g(a).
2
Let p(o) be the first derivative of o**4/4 + 8*o**3/3 + 7*o**2 + 10*o + 579. Determine p(-6).
-2
Let z(y) = -4*y**3 - 3*y - 5. Let r(f) = 5*f**3 + f**2 + 4*f + 8. Let t(s) = 2*r(s) + 3*z(s). Let c = 3 - 3. Suppose c*l = 4*l - 8. Calculate t(l).
-9
Let l(f) = f**3 - 7*f**2 + 6. Let r = 40 + -45. Let i(y) = 5*y + 6. Let o(g) = -3*g - 4. Let v(u) = -5*i(u) - 8*o(u). Let z be v(r). Calculate l(z).
6
Let r(q) = -22*q - 7. Let u(d) = 10*d + 4. Let l(s) = 4*r(s) + 9*u(s). What is l(-6)?
-4
Let d(t) = -10*t + 11. Let c(l) = -l + 1. Let z(h) = -6*c(h) + d(h). Let j(i) = -7*i + 10. Let u(s) = -3*j(s) + 5*z(s). Give u(9).
4
Let u(x) be the first derivative of 6*x - 2*x**3 + 1/2*x**2 + 4 + 1/4*x**4. Let r be 1*(-1)/(4/24*-1). Give u(r).
12
Let s(o) = o**2 - 3*o. Let v = -676 - -680. Give s(v).
4
Suppose -40*n - 6*n + 368 = 0. Let w(l) = -l**3 + 8*l**2 - 3*l + 4. Give w(n).
-20
Let i(w) be the third derivative of w**6/120 - w**5/10 + w**4/6 + w**3/3 + 49*w**2. Let s(f) = -f**3 + 8*f**2 + 11*f - 13. Let m be s(9). Determine i(m).
-3
Suppose -16*k - 3 = b - 15*k, -5*b = 2*k + 6. Let w(p) = -p**2 + 7. Let a be w(0). Let q(x) = 5 + b*x**3 + a*x**2 + 3*x**3 + 5*x - 2*x**3. Give q(-6).
11
Let u(y) = y - 3. Let x(h) = h**2 - h + 4. Let l(m) = 3*u(m) + 2*x(m). Calculate l(-2).
5
Let u(h) be the first derivative of h**4/4 - h**3 + h**2/2 + 3*h + 256. What is u(3)?
6
Let w be (-3)/((-3)/2)*1190/(-340). Let z(l) = l**3 + 9*l**2 + 13*l + 1. Calculate z(w).
8
Let y(s) = -2*s**2 - s + 4. Let u be (-2)/5 - 64/40. What is y(u)?
-2
Let b = 2340 + -2347. Let m(x) = -x**3 - 7*x**2 + 6*x + 37. What is m(b)?
-5
Let t(n) = 2*n - 5. Let o be 8/(-3)*(-12)/8. Let c be t(o). Let j(x) = 2*x**2 - c*x**2 + 3*x**2 - x + 3*x**3 - x**3. Determine j(1).
3
Let c(l) = 363*l + 0 - 373*l + 0. Determine c(-2).
20
Let k(i) = i**3 - 8*i**2 + 7*i - 3. Let o(a) be the third derivative of a**5/60 + 5*a**4/6 - 7*a**3/3 + a**2 - 2*a. Let u be o(-21). Give k(u).
-3
Let p(j) be the first derivative of -5*j**3/3 - 4*j**2 - 3*j - 173. What is p(-2)?
-7
Let s(m) = -9*m**2 - m + 1. Let j be (-2)/(-12) + 868/(-168). Let z be 28/(-20) - (-2)/5. Let f be ((-10)/j + z)*1. Determine s(f).
-9
Let a = -13 + 26. Suppose 10 = 11*o - a*o. Let t(z) be the third derivative of z**6/120 + z**5/15 - 5*z**4/24 + z**3/6 + 2*z**2. Calculate t(o).
1
Suppose 20 - 28 = 2*t. Let m(u) = u**2 - 5. Calculate m(t).
11
Let z(n) = -3*n**2 - 9*n + 4. Let v(o) = 2*o - 1. Let d(a) = 5*v(a) + z(a). Give d(1).
-3
Let u(q) = -q**2 + q - 2. Let a(l) = -5*l**2 + 12*l - 16. Let x(k) = a(k) - 6*u(k). Let v(d) = 2*d - 3. Let t be v(4). Suppose t*o + 34 = 4. Calculate x(o).
-4
Let s = 1 + 6. Let h be -2 + (-1)/(1/(-4)). Let c(l) = -l - h - 3 + s + 2. What is c(4)?
0
Let b(r) = 2*r + 2. Let k = 36 + -34. Suppose -5*p + c + 18 = 0, 2*p + 5*c + k = -7. Give b(p).
8
Suppose -h = -6*h - 5. Let p(b) be the second derivative of 3*b**5/20 + b**4/6 + b**3/3 + b**2/2 - 12*b + 59. Give p(h).
-2
Let d(l) = 2*l**2 + 19*l - 11. Let w be -7 - ((-44)/(-16) + (-2)/(-8)). What is d(w)?
-1
Let f(y) = y**3 + 5*y**2 - y - 5. Suppose 3*n - 3 = 2*n. Suppose 4*c + 22 = -2*z, -5*z = 5*c - n*c + 31. Determine f(z).
0
Suppose 2 = h - 3. Suppose 2*p = -h*r + 30, 2*r + p = -2*p + 23. Suppose -x - 12 = -r*y + 8, y - 5 = -5*x. Let n(a) = a**2 - 6*a - 1. What is n(y)?
-6
Let q(l) be the first derivative of l**4/4 - l**3 - l**2/2 + l + 242. Suppose 3*d + 2 - 11 = 0. What is q(d)?
-2
Let z(d) = -d**3 - 10*d**2 - d + 5. Let s = -122 + 112. Determine z(s).
15
Let a(i) = -3*i**3 - 3*i**2 + 4*i + 4. Let p(j) = 7*j**3 + 7*j**2 - 9*j - 8. Let k(b) = 5*a(b) + 2*p(b). Give k(3).
-26
Suppose -r + 2*o + 11 = 0, 4*o = 3*r + 5*o - 12. Suppose 0 = -4*w + 8, -2*u + 0*u + r*w = 10. Let g(b) = -b**2 + b + 3. Determine g(u).
3
Let d(q) = 6*q + 3. Let o(u) = 4 + 4 + 10*u - 8*u. Let b be o(-5). Determine d(b).
-9
Let a(p) = -p**3 + 3*p**2 - 3*p. Suppose -f + 1 = 2*j, 0 = -4*j - 4*f + 1 - 5. Determine a(j).
-2
Suppose -5*w + 17 = -0*j - 2*j, -3 = 3*j. Suppose w*p = 4*s + 2, 2*s = p - s - 4. Let h(i) = -2*i + 1. Let n(k) = k. Let q(r) = -h(r) - 3*n(r). Give q(p).
1
Let r(g) = -g**2 + 5*g + 1. Let p(v) = 2*v**2 - 10*v - 3. Let t(i) = -4*p(i) - 9*r(i). Give t(4).
-1
Suppose 2*u - 168 = 6*u. Let q = -47 - u. Let y(j) = -j**2 - 8*j - 4. Give y(q).
11
Let x be (-12)/12 - (0 + 3). Let h(u) = u**2 + 4*u + 1. Let t be h(x). Let q(v) = 25*v + 1. What is q(t)?
26
Suppose 112*a - 15 = 109*a. Let o(s) = s - 8. Calculate o(a).
-3
Let x = 4 + 1. Suppose 2*d + 2*b - 8 = 0, d = x*d - b - 6. Let w(y) = -3*y**d - 1 + y**2 + y**2 - 6*y + 4*y. Calculate w(2).
-9
Let h(p) = -6*p. Suppose 5*l - 6*l + 6 = 0. Suppose -z = l*z - 7. What is h(z)?
-6
Let v(j) = -2*j - 4. Suppose 7*a + 20 = 11*a. Suppose -a*l - 6 = -7*l. Calculate v(l).
-10
Let n be (8 - (-130)/(-15))*21/(-2). Let y(t) = 7*t - 7. Let o(s) = 4*s - 4. Let m(g) = 5*o(g) - 3*y(g). Determine m(n).
-6
Let v(s) = -s**2 + 5*s. Suppose -6*g + 11 + 13 = 0. Give v(g).
4
Let j(m) be the second derivative of m**3/6 + m**2 - 32*m + 1. Calculate j(1).
3
Let p(g) = g**3 - 3*g**2 + g - 1. Suppose -4*r + r + 42 = 4*k, 84 = 5*r + 2*k. Suppose 0 = -5*s + 25, -5*o = 17*s - 16*s - 80. Let y = r - o. Give p(y).
2
Let f(r) = 5*r. Let v be 6/6*(3 + 4 + -6). Calculate f(v).
5
Let a(p) be the second derivative of 0 - 5*p + 2/3*p**3 - 1/2*p**2. Determine a(1).
3
Let m(k) = -3*k**2 - 6*k - 8. Let n = 2073 + -2077. Calculate m(n).
-32
Let i(y) be the first derivative of -3*y**2/2 - 8*y + 607. Calculate i(-8).
16
Let v(d) = -17 - d - 4*d + 4*d + 0 + 8. Determine v(-5).
-4
Let o(l) = -l - 287*l**2 + l - 2*l**3 + 288*l**2 + 2. Give o(-2).
22
Let z(f) = 9*f + 10*f - 4 - 17*f. Let q be 0 - (-2 + (-8 - -2)). Let y be (1/(-2))/((-1)/q). Calculate z(y).
4
Let c be 2*-3*2/3. Let i(y) = -3*y**2 + 5*y + 1. Let g(w) = -8*w**2 + 15*w + 2. Suppose -2*p - 3 = -m - 0, -5*p + 20 = 0. Let l(k) = m*i(k) - 4*g(k). Give l(c).
7
Let b(t) = 3*t**2 + 11*t + 17. Let n(q) = -q**2 - q - 5. Let s(p) = b(p) + 4*n(p). Suppose -11 = 4*l - 35. Give s(l).
3
Let k(p) = -p**3 - 6*p**2 + 5*p - 9. Suppose v + 72 = 4*l - 3*v, -39 = -3*l - 2*v. Let g = 27 - l. Let o be (6/g)/(1/(-14)). Calculate k(o).
5
Let r be (-1)/((2*-1)/(-2)). Suppose 7*s = 1068 - 11. Let z(a) =